Determine t(-5).
90
Let k(r) = r**3 - 12*r**2 + 47*r - 73. What is k(7)?
11
Let t(r) = -436*r**2 - 1705*r + 162. Determine t(-4).
6
Let w(s) = 4*s**2 - 9*s - 12. What is w(4)?
16
Let v(s) = 5*s**3 - 14*s**2 - 44*s - 9. Give v(-4).
-377
Let z(x) = -x**3 - 71*x**2 - 138*x + 4. Calculate z(-69).
4
Let o(p) = 41*p + 1691. Give o(-41).
10
Let k(h) = 8*h**3 - 49*h**2 - 11*h + 104. Determine k(6).
2
Let y(r) = 3*r**3 - 20*r**2 + 2*r - 33. Calculate y(7).
30
Let q(m) = -16*m - 44. Determine q(-6).
52
Let f(o) = 270*o + 3780. What is f(-14)?
0
Let q(l) = 6*l**2 - 8*l - 67. Give q(6).
101
Let b(o) = -2*o**2 + 124*o - 529. Determine b(59).
-175
Let j(n) = n**3 + 16*n**2 - 30*n - 499. Calculate j(-15).
176
Let h(a) = a**2 - 5*a - 236. What is h(-13)?
-2
Let l(j) = -j**3 - 37*j**2 - 103*j - 32. What is l(-34)?
2
Let a(o) = -2*o**2 - 44*o - 223. Calculate a(-16).
-31
Let n(y) = -63*y + 357. Determine n(6).
-21
Let y(g) = -g**2 - 5*g + 56. Calculate y(-9).
20
Let i(a) = -658*a + 5245. Calculate i(8).
-19
Let y(z) = 2*z**2 - 82*z + 462. Give y(7).
-14
Let k(p) = -3*p + 63. Give k(-14).
105
Let p(o) = o**3 + 11*o**2 - 40*o - 202. Determine p(-13).
-20
Let r(s) = s**3 - 4*s**2 - 195*s - 1. Determine r(16).
-49
Let b(s) = s**3 - 7*s**2 - 14*s + 45. Calculate b(7).
-53
Let f(j) = -16*j - 79. Determine f(-5).
1
Let l(z) = -z**2 - 28*z + 374. Determine l(14).
-214
Let u(z) = 4*z**3 + 5*z**2 - 17*z + 29. Calculate u(2).
47
Let x(u) = -u**3 + 11*u**2 + u + 61. Give x(12).
-71
Let t(g) = -g**3 + 75*g**2 + 70*g + 466. Give t(76).
10
Let a(m) = -m**3 + 82*m**2 - 103*m + 1644. Determine a(81).
-138
Let c(w) = 669*w + 9331. Calculate c(-14).
-35
Let s(q) = -4*q**2 + 42*q - 58. Give s(16).
-410
Let y(h) = h**2 + 66*h - 315. Give y(5).
40
Let k(i) = -i**2 + 668*i - 5291. Calculate k(8).
-11
Let u(h) = 3*h**2 - 157*h + 124. Determine u(52).
72
Let m(c) = -c**3 - 40*c**2 + 75*c - 92. Determine m(-42).
286
Let r(i) = 2*i**2 - 5*i - 191. Calculate r(-8).
-23
Let q(x) = x**3 - 30*x**2 + 111*x - 199. What is q(26)?
-17
Let z(d) = d**2 + 38*d + 338. Give z(-20).
-22
Let g(a) = -a**3 - 21*a**2 + 45*a + 19. What is g(-23)?
42
Let h(l) = -10*l - 52. What is h(11)?
-162
Let x(k) = k**2 + 41*k + 240. What is x(-7)?
2
Let y(m) = 41*m**2 + 248*m - 4. What is y(-6)?
-16
Let x(q) = 449*q - 13452. Calculate x(30).
18
Let p(a) = -a**2 + 29*a + 282. Give p(34).
112
Let x(a) = -257*a - 2027. Give x(-8).
29
Let v(l) = -855*l - 2560. Calculate v(-3).
5
Let u(s) = 542*s - 28717. What is u(53)?
9
Let b(g) = 2*g**2 + 117*g + 71. What is b(-57)?
-100
Let p(h) = -4*h + 42. What is p(7)?
14
Let y(c) = -2*c**3 + 72*c**2 - 4*c + 93. What is y(36)?
-51
Let o(r) = -376*r**2 + 6769*r - 24. Determine o(18).
-6
Let t(c) = -19*c**2 + 178*c + 3. What is t(9)?
66
Let t(c) = -c**2 + 2*c + 116. Calculate t(-7).
53
Let n(j) = j**2 - 89*j + 2070. Give n(47).
96
Let p(i) = i**3 - 2*i**2 - 185*i + 8. What is p(13)?
-538
Let k(h) = -129*h**2 - 5*h - 6. Calculate k(-1).
-130
Let k(h) = -2*h + 132. What is k(26)?
80
Let f(b) = -b + 101. Calculate f(47).
54
Let a(n) = -n**3 - 2*n**2 + 15*n + 26. Give a(-5).
26
Let a(w) = -5*w**2 - 267*w + 10651. What is a(-80)?
11
Let o(h) = 9*h**3 - 70*h**2 + 53*h - 55. Calculate o(7).
-27
Let s(k) = 13*k**2 + 6*k - 25. Determine s(-3).
74
Let o(i) = -359*i - 3231. What is o(-9)?
0
Let l(d) = 7*d**3 - 29*d**2 - 53*d + 234. Determine l(4).
6
Let v(y) = 39*y + 2925. Give v(-75).
0
Let f(m) = -m**2 + 9*m + 1055. Calculate f(-29).
-47
Let b(p) = 1715*p - 6859. Give b(4).
1
Let o(b) = -2*b**3 - 93*b**2 - 1000*b + 50. Calculate o(-17).
-1
Let r(p) = p**2 - 16*p + 16. Give r(13).
-23
Let q(i) = -5*i**2 + 299*i + 75. What is q(60)?
15
Let u(b) = 9*b**3 + 3*b**2 - 3*b + 4. What is u(-3)?
-203
Let z(l) = 46*l + 3750. Determine z(-81).
24
Let b(u) = 1840*u + 16577. Determine b(-9).
17
Let v(d) = 36072*d - 216435. Give v(6).
-3
Let q(d) = -d**2 - 616*d - 3057. Give q(-5).
-2
Let s(g) = 58*g**2 + 14151*g - 239. Give s(-244).
5
Let v(j) = j**2 - 26*j + 5. What is v(27)?
32
Let p(o) = o**2 - 3106*o + 9317. Calculate p(3).
8
Let r(n) = -n**3 - 74*n**2 - 144*n - 515. Give r(-72).
-515
Let l(f) = -f**2 + 14*f + 350. What is l(-13)?
-1
Let f(s) = 30*s - 1160. What is f(39)?
10
Let m(z) = z**3 - 30*z**2 - 95*z - 50. Determine m(33).
82
Let t(k) = -29*k - 56. Calculate t(6).
-230
Let f(m) = 2927*m + 14619. Give f(-5).
-16
Let g(n) = 74*n - 672. Calculate g(9).
-6
Let x(f) = -f**2 + 58*f + 6039. Determine x(-54).
-9
Let h(x) = -9*x**2 - 41*x + 13. Calculate h(-4).
33
Let y(d) = d**3 + 15*d**2 - 26*d - 62. Determine y(-2).
42
Let c(i) = 2*i**2 - 28*i - 238. What is c(-6)?
2
Let t(i) = i**2 + 41*i + 294. Calculate t(-13).
-70
Let a(l) = -19*l**3 - 4*l**2 + 27*l + 2. Give a(0).
2
Let g(q) = 389*q**2 - 5*q + 4. Determine g(1).
388
Let s(l) = -2*l**2 + 31*l + 53. Determine s(15).
68
Let i(g) = 54*g - 19. Calculate i(-6).
-343
Let u(h) = 2*h**3 - 3*h**2 - 38*h + 144. Give u(-5).
9
Let f(r) = -2*r**3 - 47*r**2 + 42*r + 64. Give f(-24).
-368
Let i(n) = -n**2 + 6*n + 42. Calculate i(9).
15
Let y(k) = 92*k - 2129. Give y(23).
-13
Let o(i) = i**3 - 10*i**2 + 38*i - 26. Calculate o(3).
25
Let w(t) = -14*t + 406. What is w(30)?
-14
Let t(l) = 66*l + 150. Calculate t(-2).
18
Let d(r) = -r**3 - 46*r**2 + 92*r - 198. Calculate d(-48).
-6
Let z(b) = -2*b**3 - 73*b**2 + 40*b + 131. Calculate z(-37).
20
Let i(v) = v**2 - 20*v + 112. Determine i(4).
48
Let l(j) = j**3 - 5*j**2 - 14*j + 202. What is l(6)?
154
Let j(g) = 25*g**3 - 5*g**2 - 10*g - 3. What is j(-2)?
-203
Let z(t) = -t**3 + 7*t**2 + 42*t + 9. Calculate z(11).
-13
Let p(u) = 3*u - 193. What is p(30)?
-103
Let t(x) = -x**3 - 22*x**2 - 82*x - 44. Determine t(-18).
136
Let x(a) = a**3 - 32*a**2 - 39*a + 218. Calculate x(33).
20
Let g(a) = -90*a + 6182. Calculate g(69).
-28
Let d(k) = 2*k**3 + 52*k**2 + 130*k - 35. What is d(-24)?
-851
Let c(j) = j**3 + 14*j**2 - 21*j - 75. Calculate c(-14).
219
Let g(s) = 3*s**2 + 83*s + 8. Determine g(-29).
124
Let o(w) = -w**3 + 34*w**2 + 31*w + 97. Calculate o(35).
-43
Let v(l) = 1218*l + 6020. Calculate v(-5).
-70
Let u(a) = a**3 - 195*a**2 + 7154*a - 5. What is u(146)?
-5
Let c(l) = -3*l**2 + 23*l + 5. What is c(6)?
35
Let y(i) = 43*i + 428. Determine y(-2).
342
Let j(v) = v**3 + 3*v**2 - 29*v - 90. Give j(-3).
-3
Let l(p) = -32*p + 248. Determine l(8).
-8
Let g(i) = -8*i - 27. Give g(-16).
101
Let l(t) = -438*t**2 + 18*t + 18. Calculate l(-1).
-438
Let q(s) = -s**3 + 23*s - 34. What is q(-6)?
44
Let u(f) = f**2 - 73*f + 1750. What is u(47)?
528
Let o(n) = 363*n - 2180. Determine o(6).
-2
Let r(i) = -1692*i + 3376. What is r(2)?
-8
Let a(s) = -5*s**2 - 16*s - 31. Determine a(-4).
-47
Let s(b) = -985*b**3 - 5*b + 4. Calculate s(1).
-986
Let l(j) = -j**3 + 14*j**2 - 14*j + 23. Determine l(13).
10
Let c(w) = -8*w + 46. What is c(7)?
-10
Let t(k) = -k**2 - 58*k + 439. Give t(7).
-16
Let g(h) = -h**3 + 133*h**2 + 409*h - 209. Determine g(136).
-73
Let o(r) = 21*r + 32. What is o(4)?
116
Let c(t) = -1704*t - 42602. Calculate c(-25).
-2
Let z(x) = x**3 + 7*x**2 + 15*x + 42. What is z(-6)?
-12
Let r(j) = -j**2 + 392*j + 7790. Give r(-19).
-19
Let c(t) = t**3 - 11*t**2 + 61*t - 348. Determine c(5).
-193
Let b(s) = 2*s**2 + 148*s + 2549. Calculate b(-47).
11
Let w(z) = -2*z**2 + 159*z - 1247. Determine w(71).
-40
Let y(z) = -17*z - 577. Calculate y(-24).
-169
Let y(h) = h**2 - 10*h + 35. Determine y(4).
11
Let q(d) = 1208*d + 35032. What is q(-29)?
0
Let w(v) = -12*v**2 + 7*v - 9. Calculate w(2).
-43
Let x(h) = 35*h - 7. Give x(0).
-7
Let o(l) = 2*l**3 - 29*l**2 - 17*l + 20. What is o(15)?
-10
Let k(c) = c**3 + 6*c**2 + 8*c + 164. Calculate k(-6).
116
Let o(h) = 2*h**3 - 26*h**2 + 74*h + 3. Calculate o(8).
-45
Let a(q) = -q**3 - 61*q**2 + 60*q - 150. Calculate a(-62).
-26
Let y(q) = 4066*q - 150434. Calculate y(37).
8
Let a(h) = 29*h - 1805. Determine a(83).
602
Let d(m) = 15*m - 70. Determine d(5).
5
Let g(o) = 63*o + 287. Calculate g(-6).
-91
Let i(n) = 73*n**2 + 376*n. What is i(-5)?
-55
Let w(k) = 3*k**2 - 20*k + 2. What is w(0)?
2
Let g(d) = -2*d**3 + 12*d**2 + 3*d - 8. Give g(5).
57
Let u(s) = 5*s**3 - 52*s**2 + 45*s + 164. What is u(9)?
2
Let a(r) = 99*r + 825. What is a(-8)?
33
Let h(k) = -2301*k - 11476. What is h(-5)?
29
Let w